lculate -6 + 30 + -11 - 6.
7
1 + 7 - (-84 + 126)
-34
Calculate -4 + (8 - 7) - 8.
-11
-14 - (2 + -21 + 0)
5
What is (-3 - 20) + 32 + 14?
23
What is 4 - 3 - (1 - -6) - (-1 - -2)?
-7
Evaluate (0 - -8) + (3 - (19 - 1)) - 22.
-29
Evaluate 39 + (-7 + 2 - (18 + -9)).
25
What is 4 + 3 - (64 + -83)?
26
Evaluate -10 + 8 + -12 + 3.
-11
Calculate -8 + (-2 - -1) + -2.
-11
What is 1 + -29 + (-7 - (-9 - (8 - 7)))?
-25
What is the value of 2 + 12 + -274 + 277?
17
What is the value of 1 + 15 - (23 + -21 + -6)?
20
Calculate 7 + (-4 - (-4 + -4 + -3)).
14
Calculate (-1 + 4 - 1) + 10 + 4 + -11.
5
What is the value of (-32 + -6 - -7) + (8 - 0)?
-23
Evaluate -6 - (7 + -11 + 35).
-37
What is the value of 17 + (-17 - -6) - 20?
-14
(-2 + 4 - -3) + 8 + (-10 - -6)
9
What is 4 + (-10 - (9 - 13)) + 6?
4
(-9 - (4 + -7) - 2) + (-2 - 2)
-12
What is (-3 + (4 - -2) + -9 - -15) + -30?
-21
What is (37 - 101) + 10 - -21?
-33
What is the value of 6 + 3 + -3 - 3 - -8?
11
Calculate -4 + -26 + 41 - (-16 - 0).
27
Calculate 17 - (-9 - (-5 - 8) - -9).
4
(-3 - 2) + (-6 - 24 - -31) + -15
-19
What is the value of -6 + 7 - (-3 + -4)?
8
What is the value of -6 + 4 + -7 + 0 - (-20 + -2)?
13
Calculate -4 + (3 - (-13 + 7) - (-17 - -3)).
19
What is the value of -2 - (1 - (3 - 6) - -1)?
-7
Evaluate -25 - (-60 - -17) - 21.
-3
Calculate -1 - 3 - (38 - -10 - (-13 - -29)).
-36
-44 + 48 - (-2 + 5)
1
(-14 - -8) + -4 + 13
3
1 - 0 - (7 + -1) - (172 + -193)
16
-13 - 2 - (-78 - -74)
-11
What is -3558 - -3573 - (8 - 0 - 1)?
8
What is (-10 - (21 - 32)) + 15?
16
What is the value of -1 - -23 - (-13 + 49)?
-14
Calculate 1 + -6 + -37 + 1 + 220 + -214.
-35
What is the value of (-991 - -981) + (1 - 6)?
-15
What is the value of -6 - (-6 - -7) - (9 - (20 + 1))?
5
(16 - 13 - 19) + 26
10
What is the value of -11 + 3 + (9 + -5 - 8) + -9?
-21
Evaluate -3 + -5 - -14 - (-2 + 1 + 6).
1
What is the value of -4 - 4 - -21 - 5 - 5?
3
Calculate (-4 - (19 + -13)) + 6.
-4
What is the value of -13 + 4 + 0 + -2 + 32?
21
What is 20 - -2 - 22 - -5?
5
Calculate 9 - 22 - (-3 - (4 - (7 - 2))).
-11
17 - 31 - -1 - (6 - 26)
7
Evaluate 5 + (4 - 7) + -5.
-3
What is (14 - 4) + -5 - (2 - 0)?
3
Evaluate 2 + -2 - -5 - (4 + 11 + -14).
4
-37 + 34 + (5 - -1) + 1 - -8
12
Calculate -5 + 23 - (13 + 0).
5
Evaluate -5 - (3 - 25 - 4).
21
Evaluate -17 + (-16 - (-33 - 6)) + (1 - -2).
9
Calculate (-2 - 9) + -14 + 0 + 8.
-17
Calculate -8 + 23 - (-2 + -4) - 4.
17
-11 - (14 + -24 + 20 + 10)
-31
Evaluate -24 + -6 + (5 + -14 - -3) + 14.
-22
Evaluate (2 - 17) + (-20 - -48) - 15.
-2
What is the value of -15 + 0 + 1 - ((24 - -1) + -24)?
-15
Calculate -2 - (-3 - -8) - (-23 - (-1 + -7)).
8
What is -1376 - -1377 - (2 + 0 + -14)?
13
What is (-260 + 254 - (5 - -1)) + 10?
-2
23 - 14 - (10 - -2)
-3
What is the value of (-6 - (6 - -5)) + 18?
1
What is -54 + 11 + 7 - -40?
4
Evaluate 1 + (-16 - -4 - -3 - -9).
1
Evaluate -4 + 1 + (-3 - -9 - 14).
-11
What is 10 + 9 + (10 - 21) + -5?
3
Evaluate -8 + (-29 - -7 - (-3 + -10)).
-17
Evaluate (66 - 86) + -4 + 11.
-13
Calculate ((-10 - -5) + (-3 - -18) - 0) + -37.
-27
Evaluate (2 - (13 - -2)) + 135 + -121.
1
Evaluate -11 + (29 - 16) + 14 + 5.
21
What is the value of 0 + -2 + -3 + -1 - (1 + -16)?
9
Evaluate 6 - ((-5 - -3) + (0 - 1) - -1).
8
Calculate (-32 - -34) + 24 + -8.
18
-39 + (23 - 0) + 21
5
What is 14 + (-7 - (-21 + 13) - (-1 - -2))?
14
23 - (65 - (11 + 24))
-7
Calculate ((2 - 5) + 0 - 1) + (-3 - 2).
-9
Calculate -6 + (6 - -1 - (1 - -6)) + 5.
-1
What is the value of -1 + -11 + 13 + (0 - -2)?
3
Calculate 0 + -2 + -4 + -2 + 15 + -9.
-2
Calculate -60 - -41 - (-5 - -8).
-22
20 + -25 + 45 + -21
19
4 + -3 - 2 - (5 - -3 - -2)
-11
What is the value of -7 - (13 - 16 - 8)?
4
Calculate -9 + (-6 - -22) + -10.
-3
Calculate 17 - (2 + 3 + (4 - 4)).
12
Calculate (34 + 2 - 13) + (1 - -7).
31
Calculate (93 - 80) + -5 + 1 + -8.
1
What is -9 - 5 - -7 - -9 - 2?
0
Calculate (13 - -1) + -17 + (7 - -13).
17
What is the value of (-10 + (0 - -64) - (-6 - -17)) + -8?
35
Evaluate 11 - (48 - 23) - 9.
-23
Evaluate -10 + 30 + -15 + -13 + 30.
22
Evaluate (-4 - 4) + 9 - (1 - 1).
1
What is the value of (-3 - -15) + -5 - (23 - 21)?
5
Calculate -8 + 0 - 4 - -11.
-1
Calculate -3 - (-1 - 6 - 6).
10
7 - (34 - (3 - -9) - 8)
-7
What is (-13 + 79 - 32) + -39?
-5
-2 + (4 - 0) + -2 + -9 + 4
-5
What is the value of (-24 - (10 + -42)) + (0 - 1)?
7
2 - 0 - 9 - ((26 - 4) + -18)
-11
What is 68 + -32 + 3 + -66?
-27
Calculate (12 - (3 + -1)) + 5.
15
What is the value of 16 + (-12 - (-10 + 18))?
-4
303 + -296 + 2 + 8
17
Calculate (41 - 27) + -1 + (-11 - -7).
9
What is -68 - -84 - (20 - 0)?
-4
Calculate -457 + 476 + 2 + 1 + (-3 - -2).
21
Calculate 8 + (3 - -10 - (-10 + 22 - 4)).
13
(-20 + -7 + 12 - -43) + -6 + -1
21
What is the value of -30 - (-9 - (-6 - (10 - (13 + -11))))?
-35
3 + 6 + (-26 - ((17 - 9) + 2))
-27
What is (0 - 1 - 0) + 17 + -7243 + 7235?
8
0 - (2 - -4 - (-13 - (-9 - 4)))
-6
-34 - (-79 + 34) - (17 + -2 + 1)
-5
-2 - (9 + -8 - (4 + 5)) - 9
-3
100 + -35 - (28 + 1)
36
-5 - (-25 + 10 + 2)
8
-15 + (-1 - -1) - (-1987 + 1982)
-10
Calculate -1 - (-11 + 17 + (1 - 3) - 8).
3
-9 + -4 - ((-9 - -3) + 9)
-16
(2 - (2 + 0 + 7)) + 20 + -4
9
What is the value of (38 - 26 - 19) + 26?
19
Calculate -228 - -294 - (38 + -2).
30
Evaluate 87 + -95 + (0 - 2).
-10
Calculate (-2 - 12) + -1 - (17 + -21 + -2).
-9
-20 - ((-4 - 3) + (-22 - -11 - -17))
-19
What is 6 + -74 + 61 + 1 + 5?
-1
Evaluate (0 - -1) + -3 - (323 - 322).
-3
What is the value of 13 + -5 + (-26 - (17 + -24))?
-11
Calculate (1 - -4) + (-61 - -48).
-8
What is -17 + 1 + 8 + -3 + -4 + 12?
-3
Evaluate 20 - (53 - 42) - (-3 + (-1 - -1)).
12
What is the value of -10 + -11 + -16 + 22?
-15
What is the value of (5 - (-2 - -5)) + (9 - (15 + -4))?
0
What is 2 + (-17 + -1 - -18) - (0 - 8)?
10
What is -8 - (-2 - (5 - 3)) - (-12 + -2)?
10
Calculate 1 - ((12 + 7 - 6) + 1 + -7).
-6
What is -10 + -1 - ((-16 - -13) + -6 - -16)?
-18
What is the value of 26 + -4 - 5 - (2 - 0) - -3?
18
Calculate (0 + -3 - -13) + -12 - -15.
13
What is (79 - 87) + -21 - (-1 + 1)?
-29
Evaluate ((-2 - 6) + 4 - -6) + (11 - -13).
26
What is (-22 - (-5 - 34)) + -17?
0
Calculate -7 + 1 + 3 + (-7 - -7).
-3
What is (3 - 4) + 9 - ((2 - 0) + 17)?
-11
What is -12 + -6 + (-66 + 76 - (11 + 0))?
-19
Calculate 2 + 2 - (-229 + 248).
-15
What is the value of (-42 + -7 - -28) + 57?
36
Evaluate (-1 - -8) + (-10 - (-4 + -5)) + 3.
9
Evaluate -2 - (-2 + -2) - (21 - (-6 + 27)).
2
What is the value of (0 - (33 - 66)) + -62?
-29
What is the value of (66 - 62) + -35 - (-7 - -1)?
-25
Evaluate 168 + -175 + 16 + 0 + 0.
9
What is 37 + -19 + -8 + -2 + 15?
23
Calculate (5 - 6) + 3 - (-8 - 20).
30
Evaluate 1 - -11 - (-6 + 10 + 29).
-21
What is the value of 0 + 11 + -30 + 23?
4
5 + -5 + -3 + 8 - 15
-10
What is -4 + 8 + (0 - -2) + (-1 - -4)?
9
Calculate -4 + 12 + (4 + -4 - -5).
13
-37 + -1 - (-421 + 381)
2
Calculate (16 - -10) + (4 - 9) - 8.
13
Calculate 30 + -26 - (-19 + 6).
17
Calculate 6 + 8 + 1 + -8 + -17.
-10
Calculate -5 - (0 + -5 + (-11 - -13)).
-2
Evaluate (0 + 4 - 1) + (-384 - -381).
0
Calculate 2 + -17 - (-5 - (-5 - (-8 + 3))).
-10
Calculate (3 - 0) + 16 - 16.
3
What is (31 - 13) + (0 - 6 - -2)?
14
Calculate (0 - 7) + (37 - (10 + 3)) + -10.
7
What is the value of -2 - ((3 - (-4 - -4)) + (-10 - -2))?
3
-15 + (-20 - (-26 - -14))
-23
1 + 19 + -22 + (-1 - -4)
1
Calculate (-9 - (-3 - 26)) + -17.
3
What is the value of 1 + -9 - (-4 - (2 - -12))?
10
Evaluate -9 - (-1 + -18 + (-8 - -5) + 5).
8
What is the value of -16 + -2 + 2 + -19 + (11 - -9)?
-15
What is the value of -2 - (-50 + 51 + 7 + -1) - 5?
-14
What is the value of (2 - -4) + 30 + (31 - 61)?
6
Calculate -45 - (14 - 38) - 0.
-21
Evaluate 29 + 12 + -19 - 14.
8
Calculate -6 - 0 - 1 - 12 - 18.
-37
What is (-17 - 9) + 7 - -16?
-3
What is the value of -164 + 146 - (-2 + (-2 + 3 - 2))?
-15
Evaluate (-4 - -1) + (-7 - ((-28 - -4) + 2)).
12
What is -20 + -15 + 6 + 14?
-15
Calculate (0 - 3) + -3 - (-3 + -6 + 12).
-9
Calculate -9 - -11 - (18 + -3 - 19).
6
What is (-5 - (-89 - -91 - (1 - 3))) + -19?
-28
Calculate 22 + 0 + (-29 - (-50 - -23)).
20
What is 3 + (-11 - 1 - (-34 + 39))?
-14
What is -3 + -17 + (0 + 4 - (25 + -26))?
-15
Calculate (20 - (29 - 4)) + 1 + -1 + 0.
-5
What is -104 + 78 - (-3 + 0 - 5)?
-18
Evaluate 5 + (1 - (5 - -1)) + 2 - 14.
-12
Wh